 when c is divided by r(-3).
7
Suppose 3*k - 4*k + 2 = 0. Suppose k*p + 2 = 0, -3*o - o + 29 = -p. What is the remainder when 27 is divided by o?
6
Suppose 2*j = 6*j + 160. Let z(q) = 7*q - 1. Calculate the remainder when (-4)/2 - (j - -1) is divided by z(2).
11
Suppose -3*j - 9 = -4*j. Let h(n) = -n + 11. Calculate the remainder when h(j) is divided by 1.
0
Calculate the remainder when (16/(-48))/(2/(-6)) - -88 is divided by 18.
17
Let n(p) = 2*p**2 - 5. Suppose 3*q = 2*s + 10, -q - s + 3 + 2 = 0. What is the remainder when 53 is divided by n(q)?
26
Calculate the remainder when (1340/50)/((-4)/(-10)) is divided by 17.
16
Let j = 23 + -16. Calculate the remainder when j is divided by 4.
3
Suppose h + 4*h = 2*t + 5, -h - 5*t = -28. Suppose h*m + 9 = k, 5*m + 20 = -0*m. Let g = -2 - k. Calculate the remainder when 1 is divided by g.
0
Suppose -4*y + 118 - 14 = 0. Calculate the remainder when 77 is divided by y.
25
Suppose -i + 9 + 9 = -3*p, -5*i - 4*p = -90. Suppose 11 - 3 = 4*c. Suppose c*m - 53 = m. What is the remainder when m is divided by i?
17
Suppose 350 = 2*o + 3*o. What is the remainder when o is divided by (18/3)/((-1)/(-4))?
22
Suppose -f + 14 = 4*v, f - v = -0*f + 9. What is the remainder when 57 is divided by f?
7
Suppose -3*g = -5*r - 19, -4*g + 3*g + 5*r = -13. Calculate the remainder when 6/g*(-23)/(-2) is divided by 13.
10
Let s = -39 - -44. Calculate the remainder when 13 is divided by s.
3
Let h be (1/(-2))/(1/(-2)). Calculate the remainder when (20/(-6))/(h/(-3)) is divided by 6.
4
Let m = 120 - 101. Let s = 0 - -5. Calculate the remainder when m is divided by s.
4
Suppose -4*h + 25 - 1 = 0. Suppose 2*p - 12 = -0*p. Calculate the remainder when p is divided by -6*(2*-1)/h.
0
Suppose 2*s - 2*f = 3*s + 1, 4*f - 1 = s. Let r(o) = -o**2 + 17*o - 4. Calculate the remainder when r(9) is divided by (3 + -1)/s + 25.
22
Let k(s) = s + 1. Let h be k(-7). Let c be (135/6)/(-3)*h. Let x = c - 16. Calculate the remainder when x is divided by 15.
14
Let l(f) = f**2 + 6*f + 6. Let u be l(-6). Suppose -144 = -5*x + 2*x. Suppose -y = -i + u*i - x, -y = i - 28. Calculate the remainder when y is divided by 12.
11
Let z = -55 + 83. Calculate the remainder when 110 is divided by z.
26
Suppose 3*b = -4*d + 15, -8*b + 4*b - 5 = -3*d. Calculate the remainder when 5 is divided by d.
2
Suppose 0 = 3*x - x - 3*c - 19, -9 = 3*c. Suppose x*j + 6 = -2*o - 2, o + 3 = -2*j. What is the remainder when 77 is divided by (-1 - 1) + 28*o?
25
Suppose -5*v = -0*v - 2*i - 130, 5*i - 109 = -3*v. Let y = v - -3. Suppose 7*f - y = -3*s + 2*f, 5*s + f - 59 = 0. What is the remainder when s is divided by 5?
2
Let q be 6 - (-1 + 0) - 1. Let o = 4 + -3. What is the remainder when q/3 + 1 + 0 is divided by o?
0
What is the remainder when (-42)/(-231) - 361/(-11) is divided by 12?
9
Suppose -4*h + 10 = -6. Let q(i) = 6*i**2 - 6*i**2 + i**2 + 0*i**2 + 3*i. Calculate the remainder when q(h) is divided by 15.
13
Let j(y) = -2*y**3 - 3*y**2 + y + 7. Calculate the remainder when 89 is divided by j(-3).
27
Let y(j) = -4*j**2 + 1 + j - 3 + 2*j**3 + 2*j + 0*j**3. Let q be y(2). Suppose q*g + 2 = -3*m, 0 = -m + 3*m + 2*g. What is the remainder when 2 is divided by m?
0
Let d(a) = 17*a - 2. Let t = -46 - -57. What is the remainder when d(2) is divided by t?
10
Let l(i) = -i**3 + 5*i**2 - i - 4. Suppose -3*b = -6*b, -2 = -n - b. What is the remainder when 23 is divided by l(n)?
5
Let f = -131 + 148. Calculate the remainder when 115 is divided by f.
13
Let d(z) = z + 38. What is the remainder when 299 is divided by d(-18)?
19
Let b = -2 + 13. Let y be 21/((-9)/3) - -1. What is the remainder when y*(11/(-2) - -2) is divided by b?
10
Let s be (139 - -2)*(-4)/(-12). Let t = -28 + s. Suppose 3*i - 4*r = 46, -5*i + 66 = r - 5*r. Calculate the remainder when t is divided by i.
9
What is the remainder when 27 is divided by (0 + -28)/(-3 + 1)?
13
Let r(j) = 3*j - 7. Let v be r(6). Suppose v*m = 6*m + 370. Calculate the remainder when m is divided by 25.
24
What is the remainder when 91 is divided by (-8 - -6)*62/(-4)?
29
What is the remainder when 20 is divided by (-1)/(7/(-4)) + 174/14?
7
Suppose -5*j - 25 = -6*s + 4*s, -62 = -4*s - 2*j. What is the remainder when 28 is divided by s?
13
Let x(g) = 4*g - 1 - 4 + 3. Let n = 2 - 0. What is the remainder when 16 is divided by x(n)?
4
Suppose -m - 24 = -5*m. Let y = m - 4. Calculate the remainder when 3 is divided by y.
1
Suppose 3*j = n - 15, n - j = 6*n - 43. What is the remainder when 17 is divided by n?
8
What is the remainder when ((-156)/3)/(-2 + 0) is divided by 10?
6
Calculate the remainder when (-434)/(-10) - 12/(-20) is divided by 15.
14
Suppose -30 = -3*f + 15. What is the remainder when 37 is divided by f?
7
Suppose -4*u = -45 + 13. Suppose -5*q - u = -68. What is the remainder when 22 is divided by q?
10
Let n = 0 - -5. Suppose -b + 8 = n. Calculate the remainder when 6 is divided by b.
0
Suppose 5*o + 22 = -0*r + r, -r - 4*o = 5. Calculate the remainder when 24 is divided by r.
3
Let x be ((-27)/4)/(24/64). What is the remainder when 2 is divided by (-42)/(-54) + (-4)/x?
0
Let s = 37 - -1. Suppose -3*d + 65 = 2*d. What is the remainder when s is divided by d?
12
Let w(u) = -3*u**2 - u - 1. Let d be w(2). Let t = d + 22. What is the remainder when t is divided by 4?
3
Let y = -13 - -4. Let a = y - -28. Calculate the remainder when a is divided by 5.
4
What is the remainder when 123 is divided by (-1 - 1)*(-6 - (-39)/(-6))?
23
Let y = -16 + 21. Calculate the remainder when y is divided by 5.
0
Let l(d) = -d. Let v be l(0). Suppose 4*k - 61 + 5 = v. Suppose s = h - s - k, h - 4*s = 22. Calculate the remainder when 17 is divided by h.
5
Suppose -q - 4*v = 1, 36 + 3 = q - 4*v. Calculate the remainder when 69 is divided by q - (1 - 0)*1.
15
Suppose 2*f + 1 = 3. Let x be 1/((-2)/4 + 1). Suppose 4*z - 8*z - 2*m = x, 0 = -3*m - 15. Calculate the remainder when z is divided by f.
0
Suppose 4*r - 134 = -3*p, 4*r = 2*r - 5*p + 74. What is the remainder when 189 is divided by r?
29
Let n = -20 + 31. What is the remainder when 54 is divided by n?
10
What is the remainder when 37 is divided by ((-11)/(22/(-80)))/2?
17
Suppose -3*m = 29 - 167. Suppose 0 = -3*x + m + 35. Calculate the remainder when 51 is divided by x.
24
Suppose 2*o - 3 = 7. Suppose 52 = -h + o*h. What is the remainder when h is divided by 8?
5
Suppose -4*s = s - 3*p - 32, -24 = -2*s + 4*p. Suppose 2*j + 0 = -s. Calculate the remainder when (-1)/(59/(-29) - j) is divided by 10.
9
Suppose 16 = -d + 5*d. Let v(u) = u**2 - 6*u - 5. Let t(y) = y**3 - y + 1. Let s be t(2). What is the remainder when d is divided by v(s)?
0
Let u(i) = -i**3 - i**2 + 3*i + 2. Let z be u(-2). Suppose z = j - 0*j - 6. Suppose -6*a = -4*a - 32. What is the remainder when a is divided by j?
4
Let f = 8 + -6. Calculate the remainder when ((-5)/f)/((-5)/30) is divided by 6.
3
Let z be 0 + (-59)/1 + 2. What is the remainder when (1/(-3))/(1/z) is divided by 10?
9
Suppose 2*i = 35 + 13. Suppose 8 = -2*d + i. Suppose 0*z = 5*z - 15. Calculate the remainder when d is divided by z.
2
Suppose 26 = 5*u - 29. What is the remainder when 42 is divided by u?
9
Suppose 3*s - 15 = 3*d, -4*d - 1 = 5*s + 1. Suppose 22 = 2*g + s. Calculate the remainder when g is divided by 4.
2
Let u(x) = -81*x - 3. Let d be u(9). What is the remainder when (d/(-9))/4*3 is divided by 21?
19
Calculate the remainder when (-227)/(-4) + 45/(-60) is divided by 20.
16
Suppose -4 = u - 54. What is the remainder when 38 is divided by (36/15 + -2)*u?
18
Let x = 3 + -1. Let s be (2 - x)*(1 - 0). Suppose 0 = -d - s*d + 31. Calculate the remainder when d is divided by 11.
9
Let u(z) = z**3 - 5*z**2 - 4*z. Let r be u(3). What is the remainder when 66 is divided by 172/10 + 6/r?
15
Suppose -4*b - 23 = -k, -17 = 2*k - 3*k + b. Suppose 0 = t - k - 5. Let w(i) = i**3 + 8*i**2 + 11. What is the remainder when t is divided by w(-8)?
9
Suppose 0 = 10*v - 194 - 266. Calculate the remainder when v is divided by -16*(2 + -1 - 2).
14
Let p(l) = -l**3 + 16*l**2 + l - 1. What is the remainder when ((61 + -2)/(-1))/(-1) is divided by p(16)?
14
Let c(h) = h**2 - 11*h + 19. What is the remainder when c(14) is divided by 49?
12
Let o = 13 - 10. Suppose -4*y + 60 = -k,